{"id":59,"date":"2019-06-08T10:52:51","date_gmt":"2019-06-08T10:52:51","guid":{"rendered":"https:\/\/patriciarochaleite.com\/home\/?page_id=59"},"modified":"2021-08-28T16:29:44","modified_gmt":"2021-08-28T16:29:44","slug":"info","status":"publish","type":"page","link":"https:\/\/patriciarochaleite.com\/home\/info\/","title":{"rendered":"Info"},"content":{"rendered":"","protected":false},"excerpt":{"rendered":"","protected":false},"author":1,"featured_media":0,"parent":0,"menu_order":4,"comment_status":"closed","ping_status":"closed","template":"","meta":{"footnotes":""},"grid":"{\r\n  \"colCount\": 12,\r\n  \"colGutter\": 1,\r\n  \"rowGutters\": [],\r\n  \"frameMargin\": 5,\r\n  \"topFrameMargin\": 100,\r\n  \"bottomFrameMargin\": 5,\r\n  \"rowAttrs\": [\r\n    {}\r\n  ],\r\n  \"bgColor\": null,\r\n  \"cont\": [\r\n    {\r\n      \"type\": \"text\",\r\n      \"cont\": \"<p class=\\\"_Texto\\\" style=\\\"line-height: 1.3;\\\"><span style=\\\"font-size: 22px;\\\">Patr\u00edcia Rocha Leite \u00e9 licenciada pela Faculdade de Arquitectura da Universidade do Porto, em 1996.<\/span><br \/><span style=\\\"font-size: 22px;\\\">P\u00f3s-gradua\u00e7\u00e3o em Paisagismo pela Universidade Polit\u00e9cnica da Catalunha em 1997.\u00a0<\/span><br \/><span style=\\\"font-size: 22px;\\\">P\u00f3s-gradua\u00e7\u00e3o em Desenho Urbano pela Universidade Polit\u00e9cnica da Catalunha em 1997.\u00a0<\/span><br \/><span style=\\\"font-size: 22px;\\\">Tem vindo a exercer a a actividade profissional na \u00e1rea de arquitetura, urbanismo e design de interiores desde 1997.<\/span><br \/><span style=\\\"font-size: 22px;\\\">Iniciou a sua actividade com a cria\u00e7\u00e3o da empresa noventagraus.arquitectura onde exerceu entre 1997 e 2011.<\/span><br \/><span style=\\\"font-size: 22px;\\\">Leccionou na Faculdade de Ci\u00eancias da Universidade do Porto, no mestrado em Alimenta\u00e7\u00e3o Coletiva.<\/span><br \/><span style=\\\"font-size: 22px;\\\">Desde 2011 exerce actividade independente, desenvolvendo projectos de arquitectura e reabilita\u00e7\u00e3o maioritariamente voltados para os clientes privados.<\/span><\/p>\",\r\n      \"align\": \"top\",\r\n      \"row\": 0,\r\n      \"col\": 0,\r\n      \"colspan\": 6,\r\n      \"offsetx\": 0,\r\n      \"offsety\": 0,\r\n      \"spaceabove\": 0,\r\n      \"spacebelow\": 0,\r\n      \"yvel\": 1,\r\n      \"push\": 0,\r\n      \"relid\": 4,\r\n      \"frameOverflow\": \"\"\r\n    },\r\n    {\r\n      \"type\": \"text\",\r\n      \"cont\": \"<p class=\\\"_Texto\\\">EQUIPA<br \/>Patr\u00edcia Rocha Leite<br \/>Catarina Queir\u00f3s<br \/>Joana Mafalda Bicas<\/p><p class=\\\"_Texto\\\">PROJECTOS<br \/>2019:<br \/>Remodela\u00e7\u00e3o de apartamento na Ramada Alta - Porto<br \/>2018:<br \/>Remodela\u00e7\u00e3o de apartamento em Belleville - Paris (apartamento 2)<br \/>Amplia\u00e7\u00e3o e reconstru\u00e7\u00e3o de edif\u00edcio na Rua Almada 586 - Porto (fase 2)<br \/>Constru\u00e7\u00e3o de Habita\u00e7\u00e3o Unifamiliar em Salgueiros - Vila Nova de Gaia<br \/>Amplia\u00e7\u00e3o e reconstru\u00e7\u00e3o de edif\u00edcio na Rua do Ros\u00e1rio 115 - Porto<br \/>2017:<br \/>Remodela\u00e7\u00e3o de apartamento em Tavira - Algarve<br \/>Projecto de Interior da Loja BOM PORTO na Rua do Ros\u00e1rio 115 - Porto<br \/>2016:<br \/>Remodela\u00e7\u00e3o de apartamento em Belleville - Paris (apartamento 1)<br \/>2015:<br \/>Amplia\u00e7\u00e3o e reconstru\u00e7\u00e3o de edif\u00edcio na Rua Almada 586 - Porto (fase 1)<br \/>Amplia\u00e7\u00e3o e reconstru\u00e7\u00e3o de edif\u00edcio na Rua Conde Vizela 72 - Porto<br \/>Projecto de Interior do Restaurante MONDO DELI na Rua Almada 501 - Porto<br \/>Remodela\u00e7\u00e3o de constru\u00e7\u00e3o no logradouro na Rua Almada 501 - Porto<br \/>Amplia\u00e7\u00e3o e reconstru\u00e7\u00e3o de edif\u00edcio na Rua Almada 521 - Porto<br \/>2014:<br \/>Amplia\u00e7\u00e3o e reconstru\u00e7\u00e3o de edif\u00edcio na Rua Almada 501 - Porto<\/p><p class=\\\"_Texto\\\">SERVI\u00c7OS<br \/>Arquitectura<br \/>Desenho<br \/>Pedidos de Informa\u00e7\u00e3o Pr\u00e9via<br \/>Consultoria<br \/>Acompanhamento de Obra<\/p>\",\r\n      \"align\": \"top\",\r\n      \"row\": 0,\r\n      \"col\": 6,\r\n      \"colspan\": 6,\r\n      \"offsetx\": 0,\r\n      \"offsety\": 0,\r\n      \"spaceabove\": 0,\r\n      \"spacebelow\": 0,\r\n      \"yvel\": 1,\r\n      \"push\": 0,\r\n      \"relid\": 5,\r\n      \"frameOverflow\": \"right\"\r\n    }\r\n  ]\r\n}","phonegrid":"","_links":{"self":[{"href":"https:\/\/patriciarochaleite.com\/home\/wp-json\/wp\/v2\/pages\/59"}],"collection":[{"href":"https:\/\/patriciarochaleite.com\/home\/wp-json\/wp\/v2\/pages"}],"about":[{"href":"https:\/\/patriciarochaleite.com\/home\/wp-json\/wp\/v2\/types\/page"}],"author":[{"embeddable":true,"href":"https:\/\/patriciarochaleite.com\/home\/wp-json\/wp\/v2\/users\/1"}],"replies":[{"embeddable":true,"href":"https:\/\/patriciarochaleite.com\/home\/wp-json\/wp\/v2\/comments?post=59"}],"version-history":[{"count":0,"href":"https:\/\/patriciarochaleite.com\/home\/wp-json\/wp\/v2\/pages\/59\/revisions"}],"wp:attachment":[{"href":"https:\/\/patriciarochaleite.com\/home\/wp-json\/wp\/v2\/media?parent=59"}],"curies":[{"name":"wp","href":"https:\/\/api.w.org\/{rel}","templated":true}]}}

{
  "colCount": 12,
  "colGutter": 1,
  "rowGutters": [],
  "frameMargin": 5,
  "topFrameMargin": 100,
  "bottomFrameMargin": 5,
  "rowAttrs": [
    {}
  ],
  "bgColor": null,
  "cont": [
    {
      "type": "text",
      "cont": "<p class=\"_Texto\" style=\"line-height: 1.3;\"><span style=\"font-size: 22px;\">Patrícia Rocha Leite é licenciada pela Faculdade de Arquitectura da Universidade do Porto, em 1996.</span><br /><span style=\"font-size: 22px;\">Pós-graduação em Paisagismo pela Universidade Politécnica da Catalunha em 1997. </span><br /><span style=\"font-size: 22px;\">Pós-graduação em Desenho Urbano pela Universidade Politécnica da Catalunha em 1997. </span><br /><span style=\"font-size: 22px;\">Tem vindo a exercer a a actividade profissional na área de arquitetura, urbanismo e design de interiores desde 1997.</span><br /><span style=\"font-size: 22px;\">Iniciou a sua actividade com a criação da empresa noventagraus.arquitectura onde exerceu entre 1997 e 2011.</span><br /><span style=\"font-size: 22px;\">Leccionou na Faculdade de Ciências da Universidade do Porto, no mestrado em Alimentação Coletiva.</span><br /><span style=\"font-size: 22px;\">Desde 2011 exerce actividade independente, desenvolvendo projectos de arquitectura e reabilitação maioritariamente voltados para os clientes privados.</span></p>",
      "align": "top",
      "row": 0,
      "col": 0,
      "colspan": 6,
      "offsetx": 0,
      "offsety": 0,
      "spaceabove": 0,
      "spacebelow": 0,
      "yvel": 1,
      "push": 0,
      "relid": 4,
      "frameOverflow": ""
    },
    {
      "type": "text",
      "cont": "<p class=\"_Texto\">EQUIPA<br />Patrícia Rocha Leite<br />Catarina Queirós<br />Joana Mafalda Bicas</p><p class=\"_Texto\">PROJECTOS<br />2019:<br />Remodelação de apartamento na Ramada Alta - Porto<br />2018:<br />Remodelação de apartamento em Belleville - Paris (apartamento 2)<br />Ampliação e reconstrução de edifício na Rua Almada 586 - Porto (fase 2)<br />Construção de Habitação Unifamiliar em Salgueiros - Vila Nova de Gaia<br />Ampliação e reconstrução de edifício na Rua do Rosário 115 - Porto<br />2017:<br />Remodelação de apartamento em Tavira - Algarve<br />Projecto de Interior da Loja BOM PORTO na Rua do Rosário 115 - Porto<br />2016:<br />Remodelação de apartamento em Belleville - Paris (apartamento 1)<br />2015:<br />Ampliação e reconstrução de edifício na Rua Almada 586 - Porto (fase 1)<br />Ampliação e reconstrução de edifício na Rua Conde Vizela 72 - Porto<br />Projecto de Interior do Restaurante MONDO DELI na Rua Almada 501 - Porto<br />Remodelação de construção no logradouro na Rua Almada 501 - Porto<br />Ampliação e reconstrução de edifício na Rua Almada 521 - Porto<br />2014:<br />Ampliação e reconstrução de edifício na Rua Almada 501 - Porto</p><p class=\"_Texto\">SERVIÇOS<br />Arquitectura<br />Desenho<br />Pedidos de Informação Prévia<br />Consultoria<br />Acompanhamento de Obra</p>",
      "align": "top",
      "row": 0,
      "col": 6,
      "colspan": 6,
      "offsetx": 0,
      "offsety": 0,
      "spaceabove": 0,
      "spacebelow": 0,
      "yvel": 1,
      "push": 0,
      "relid": 5,
      "frameOverflow": "right"
    }
  ]
}
